94?
2, 47147
List the prime factors of 19228.
2, 11, 19, 23
What are the prime factors of 1289?
1289
List the prime factors of 1407.
3, 7, 67
What are the prime factors of 15688?
2, 37, 53
What are the prime factors of 45186?
2, 3, 17, 443
What are the prime factors of 1036?
2, 7, 37
What are the prime factors of 5040?
2, 3, 5, 7
What are the prime factors of 5063?
61, 83
List the prime factors of 142945.
5, 11, 23, 113
What are the prime factors of 37398?
2, 3, 23, 271
List the prime factors of 5176.
2, 647
List the prime factors of 6579.
3, 17, 43
List the prime factors of 57800.
2, 5, 17
What are the prime factors of 85038?
2, 3, 14173
What are the prime factors of 2693?
2693
What are the prime factors of 8976?
2, 3, 11, 17
What are the prime factors of 4953?
3, 13, 127
List the prime factors of 2367.
3, 263
List the prime factors of 12084.
2, 3, 19, 53
List the prime factors of 11183.
53, 211
List the prime factors of 944.
2, 59
What are the prime factors of 1781?
13, 137
List the prime factors of 27196.
2, 13, 523
What are the prime factors of 20802?
2, 3, 3467
List the prime factors of 6847.
41, 167
What are the prime factors of 181095?
3, 5, 12073
List the prime factors of 2262.
2, 3, 13, 29
What are the prime factors of 4272?
2, 3, 89
What are the prime factors of 2?
2
List the prime factors of 293.
293
What are the prime factors of 5887?
7, 29
What are the prime factors of 19530?
2, 3, 5, 7, 31
List the prime factors of 3880.
2, 5, 97
What are the prime factors of 181680?
2, 3, 5, 757
List the prime factors of 14001.
3, 13, 359
What are the prime factors of 844?
2, 211
What are the prime factors of 4049?
4049
What are the prime factors of 1472?
2, 23
What are the prime factors of 2284?
2, 571
What are the prime factors of 2371?
2371
List the prime factors of 3395.
5, 7, 97
List the prime factors of 823.
823
What are the prime factors of 7123?
17, 419
List the prime factors of 2732.
2, 683
What are the prime factors of 28843?
28843
List the prime factors of 8955.
3, 5, 199
List the prime factors of 1587.
3, 23
List the prime factors of 1542.
2, 3, 257
List the prime factors of 30647.
19, 1613
List the prime factors of 692.
2, 173
List the prime factors of 8452.
2, 2113
List the prime factors of 5452.
2, 29, 47
List the prime factors of 466.
2, 233
List the prime factors of 2562.
2, 3, 7, 61
List the prime factors of 741.
3, 13, 19
What are the prime factors of 238?
2, 7, 17
What are the prime factors of 18701?
18701
List the prime factors of 8557.
43, 199
List the prime factors of 5270.
2, 5, 17, 31
List the prime factors of 13560.
2, 3, 5, 113
List the prime factors of 846.
2, 3, 47
List the prime factors of 102908.
2, 13, 1979
What are the prime factors of 15559?
15559
What are the prime factors of 4294?
2, 19, 113
List the prime factors of 2838.
2, 3, 11, 43
List the prime factors of 3673.
3673
What are the prime factors of 11489?
11489
List the prime factors of 717.
3, 239
List the prime factors of 9050.
2, 5, 181
What are the prime factors of 267?
3, 89
List the prime factors of 4076.
2, 1019
List the prime factors of 297.
3, 11
What are the prime factors of 149604?
2, 3, 7, 13, 137
What are the prime factors of 223?
223
List the prime factors of 16793.
7, 2399
List the prime factors of 4932.
2, 3, 137
What are the prime factors of 13788?
2, 3, 383
List the prime factors of 691.
691
What are the prime factors of 106272?
2, 3, 41
What are the prime factors of 377?
13, 29
What are the prime factors of 22907?
22907
List the prime factors of 2035.
5, 11, 37
What are the prime factors of 1105?
5, 13, 17
List the prime factors of 91.
7, 13
What are the prime factors of 2046?
2, 3, 11, 31
What are the prime factors of 2448?
2, 3, 17
What are the prime factors of 6044?
2, 1511
List the prime factors of 26680.
2, 5, 23, 29
What are the prime factors of 162?
2, 3
List the prime factors of 20589.
3, 6863
List the prime factors of 273.
3, 7, 13
List the prime factors of 2096.
2, 131
List the prime factors of 4551.
3, 37, 41
List the prime factors of 518.
2, 7, 37
What are the prime factors of 217?
7, 31
List the prime factors of 1992.
2, 3, 83
What are the prime factors of 53450?
2, 5, 1069
What are the prime factors of 4881?
3, 1627
What are the prime factors of 12772?
2, 31, 103
What are the prime factors of 4604?
2, 1151
List the prime factors of 54816.
2, 3, 571
List the prime factors of 6126.
2, 3, 1021
List the prime factors of 3346.
2, 7, 239
List the prime factors of 29944.
2, 19, 197
What are the prime factors of 3448?
2, 431
List the prime factors of 853.
853
What are the prime factors of 27200?
2, 5, 17
List the prime factors of 2786.
2, 7, 199
List the prime factors of 4640.
2, 5, 29
List the prime factors of 2330.
2, 5, 233
What are the prime factors of 84604?
2, 13, 1627
List the prime factors of 170126.
2, 11, 19, 37
List the prime factors of 3193.
31, 103
What are the prime factors of 1467?
3, 163
What are the prime factors of 49477?
49477
List the prime factors of 4757.
67, 71
What are the prime factors of 28498?
2, 14249
List the prime factors of 292.
2, 73
List the prime factors of 5594.
2, 2797
List the prime factors of 1466.
2, 733
List the prime factors of 4996.
2, 1249
List the prime factors of 46464.
2, 3, 11
List the prime factors of 8839.
8839
What are the prime factors of 717?
3, 239
What are the prime factors of 926?
2, 463
List the prime factors of 1143.
3, 127
List the prime factors of 2627.
37, 71
What are the prime factors of 10688?
2, 167
List the prime factors of 8904.
2, 3, 7, 53
What are the prime factors of 721?
7, 103
List the prime factors of 20934.
2, 3, 1163
List the prime factors of 1913.
1913
List the prime factors of 8220.
2, 3, 5, 137
What are the prime factors of 34976?
2, 1093
What are the prime factors of 4909?
4909
List the prime factors of 5440.
2, 5, 17
List the prime factors of 937.
937
List the prime factors of 161.
7, 23
List the prime factors of 719.
719
What are the prime factors of 4928?
2, 7, 11
List the prime factors of 368.
2, 23
What are the prime factors of 7994?
2, 7, 571
What are the prime factors of 644?
2, 7, 23
What are the prime factors of 12609?
3, 467
What are the prime factors of 1163?
1163
What are the prime factors of 249?
3, 83
What are the prime factors of 2980?
2, 5, 149
List the prime factors of 8309.
7, 1187
What are the prime factors of 9455?
5, 31, 61
List the prime factors of 2964.
2, 3, 13, 19
What are the prime factors of 7461?
3, 829
List the prime factors of 36269.
36269
List the prime factors of 32539.
13, 2503
What are the prime factors of 1321?
1321
What are the prime factors of 62090?
2, 5, 7, 887
List the prime factors of 23670.
2, 3, 5, 263
What are the prime factors of 3937?
31, 127
List the prime factors of 18302.
2, 9151
What are the prime factors of 77691?
3, 19, 29, 47
What are the prime factors of 40219?
37, 1087
What are the prime factors of 12108?
2, 3, 1009
What are the prime factors of 485?
5, 97
What are the prime factors of 13131?
3, 1459
List the prime factors of 162.
2, 3
What are the prime factors of 24453?
3, 11, 13, 19
What are the prime factors of 5055?
3, 5, 337
List the prime factors of 16668.
2, 3, 463
List the prime factors of 6145.
5, 1229
What are the prime factors of 2159?
17, 127
What are the prime factors of 15842?
2, 89
What are the prime factors of 77472?
2, 3, 269
List the prime factors of 16085.
5, 3217
What are the prime factors of 55372?
2, 109, 127
List the prime factors of 18069.
3, 19, 317
What are the prime factors of 86728?
2, 37, 293
List the prime factors of 511.
7, 73
What are the prime factors of 104289?
3, 34763
List the prime factors of 35166.
2, 3, 5861
What are the prime factors of 375?
3, 5
List the prime factors of 245.
5, 7
List the prime factors of 27997.
27997
List the prime factors of 1272.
2, 3, 53
What are the prime factors of 82503?
3, 89, 103
What are the prime factors of 11212?
2, 2803
What are the prime factors of 9657?
3, 29, 37
List the prime factors of 1513.
17, 89
List the prime factors of 19336.
2, 2417
List the prime factors of 49734.
2, 3, 307
What are the prime factors of 3586?
2, 11, 163
List the prime factors of 753.
3, 251
What are the prime factors of 124509?
3, 7, 11
What are th